{"version":"1.0","provider_name":"Rizsnapl\u00f3","provider_url":"https:\/\/rizsnaplo.cafeblog.hu","author_name":"properko","author_url":"https:\/\/rizsnaplo.cafeblog.hu\/author\/properko\/","title":"22. nap","html":"<p><a href=\"http:\/\/3.bp.blogspot.com\/_ud2ECdF2NMw\/SgK_52f_m2I\/AAAAAAAADT4\/Zr9BiPSCmsc\/s1600-h\/karta03s.jpg\"><img id=\"BLOGGER_PHOTO_ID_5333035909363243874\" style=\"margin: 0px 10px 10px 0px; float: left; width: 200px; height: 133px;\" alt=\"\" src=\"http:\/\/3.bp.blogspot.com\/_ud2ECdF2NMw\/SgK_52f_m2I\/AAAAAAAADT4\/Zr9BiPSCmsc\/s200\/karta03s.jpg\" border=\"0\"><\/a>H\u00e1t ennyi!<br><\/p>  <div class=\"post-body entry-content\">  <div align=\"justify\">Lehet, hogy m\u00e9g pr\u00f3b\u00e1lkozom, de most 2-3 napig szeretn\u00e9m, ha nyugtom lenne (legal\u00e1bb a h\u00e9tv\u00e9g\u00e9n), \u00fagyhogy a bors\u00f3f\u00e9l\u00e9k fel\u00e9 se n\u00e9zek, nem m\u00e9g hogy egyem \u0151ket! Majd ha elm\u00falnak az elm\u00falt 2 nap rossz eml\u00e9kei, tal\u00e1n kipr\u00f3b\u00e1lom a lencs\u00e9t, a csicseri bors\u00f3t, de addigis j\u00f3 lenne, ha VALAKI tudna aj\u00e1nalni valamit, hogy mik\u00e9nt f\u0151zzem a bors\u00f3f\u00e9l\u00e9ket, hogy ne pimaszkodjanak a beleimben. Mert az az\u00e9rt m\u00e9giscsak felh\u00e1bor\u00edt\u00f3, hogy az ember gondosan lemossa, be\u00e1ztatja, \u00fajra mossa, f\u0151zi 3 \u00f3r\u00e1n \u00e1t a bors\u00f3t, ut\u00e1na megr\u00e1gja rendesen, \u00e9s tov\u00e1bbi n\u00e9h\u00e1ny \u00f3r\u00e1n \u00e1t szenved t\u0151le! Ez t\u00e9nyleg sz\u00ednvonalon aluli, meg a koromhoz k\u00e9pest m\u00e9ltatlan is! :) <\/div><br>  <div align=\"justify\"><\/div>  <div align=\"justify\">Agy\u0151, bors\u00f3 - nem \u00e9rdekel mennyi feh\u00e9rj\u00e9t tartalmazol, nem \u00e9rdekel mennyire eg\u00e9szs\u00e9ges vagy!<\/div>  <div align=\"justify\"><\/div><br>  <div align=\"justify\">Mindez persze m\u00e9reg (\"m\u00e9rges vagyok\" - mondja az ember - \u00f3, a magyar nyelv nagyonis kifejez\u0151! :) \u00e9s ez nem j\u00f3 jel, hiszen ez m\u00e9regtelen\u00edt\u0151 k\u00fara. De nem csak testet, hanem az elm\u00e9t \u00e9s a lelket is tiszt\u00edtani szeretn\u00e9m. <\/div><br>  <div align=\"justify\"><\/div>  <div align=\"justify\">...m\u00e9g j\u00f3, hogy tudatosult bennem. Amikor id\u00e1ig eljutok, a felismer\u00e9s pillanat\u00e1ig, olyankor m\u00e1r t\u00fal vagyok a nehez\u00e9n (hangs\u00falyozom azonban: \u00e1ltal\u00e1ban). Mert akkor m\u00e1r az ember tudja, hogy mi a baja, akkor m\u00e1r tud mag\u00e1n seg\u00edteni.<\/div><\/div>","type":"rich"}

Rizsnapló

<p><a href="http://3.bp.blogspot.com/_ud2ECdF2NMw/SgK_52f_m2I/AAAAAAAADT4/Zr9BiPSCmsc/s1600-h/karta03s.jpg"><img id="BLOGGER_PHOTO_ID_5333035909363243874" style="margin: 0px 10px 10px 0px; float: left; width: 200px; height: 133px;" alt="" src="http://3.bp.blogspot.com/_ud2ECdF2NMw/SgK_52f_m2I/AAAAAAAADT4/Zr9BiPSCmsc/s200/karta03s.jpg" border="0"></a>Hát ennyi!<br></p>  <div class="post-body entry-content">  <div align="justify">Lehet, hogy még próbálkozom, de most 2-3 napig szeretném, ha nyugtom lenne (legalább a hétvégén), úgyhogy a borsófélék felé se nézek, nem még hogy egyem őket! Majd ha elmúlnak az elmúlt 2 nap rossz emlékei, talán kipróbálom a lencsét, a csicseri borsót, de addigis jó lenne, ha VALAKI tudna ajánalni valamit, hogy miként főzzem a borsóféléket, hogy ne pimaszkodjanak a beleimben. Mert az azért mégiscsak felháborító, hogy az ember gondosan lemossa, beáztatja, újra mossa, főzi 3 órán át a borsót, utána megrágja rendesen, és további néhány órán át szenved tőle! Ez tényleg színvonalon aluli, meg a koromhoz képest méltatlan is! :) </div><br>  <div align="justify"></div>  <div align="justify">Agyő, borsó - nem érdekel mennyi fehérjét tartalmazol, nem érdekel mennyire egészséges vagy!</div>  <div align="justify"></div><br>  <div align="justify">Mindez persze méreg ("mérges vagyok" - mondja az ember - ó, a magyar nyelv nagyonis kifejező! :) és ez nem jó jel, hiszen ez méregtelenítő kúra. De nem csak testet, hanem az elmét és a lelket is tisztítani szeretném. </div><br>  <div align="justify"></div>  <div align="justify">...még jó, hogy tudatosult bennem. Amikor idáig eljutok, a felismerés pillanatáig, olyankor már túl vagyok a nehezén (hangsúlyozom azonban: általában). Mert akkor már az ember tudja, hogy mi a baja, akkor már tud magán segíteni.</div></div>
