{"version":"1.0","provider_name":"Rizsnapl\u00f3","provider_url":"https:\/\/rizsnaplo.cafeblog.hu","author_name":"properko","author_url":"https:\/\/rizsnaplo.cafeblog.hu\/author\/properko\/","title":"16. nap","html":"<a onblur=\"try {parent.deselectBloggerImageGracefully();} catch(e) {}\" href=\"http:\/\/2.bp.blogspot.com\/_ud2ECdF2NMw\/SfwlrUK2iBI\/AAAAAAAAC3M\/lsC4Q3c_9IQ\/s1600-h\/DSCF6160.jpg\"><img style=\"margin: 0pt 10px 10px 0pt; float: left; cursor: pointer; width: 200px; height: 150px;\" src=\"http:\/\/2.bp.blogspot.com\/_ud2ECdF2NMw\/SfwlrUK2iBI\/AAAAAAAAC3M\/lsC4Q3c_9IQ\/s200\/DSCF6160.jpg\" alt=\"\" id=\"BLOGGER_PHOTO_ID_5331177484978653202\" border=\"0\"><\/a>Rem\u00e9lem,\nhogy nem csak bek\u00e9pzelem magamnak, hanem val\u00f3ban igaz, hogy\ntisztulok... az \u00edzl\u0151 sejtjeim, a gondolataim, az eg\u00e9sz szervezetem.<br><div style=\"text-align: justify;\"><br>Lesz\u00e1m\u00edtva\na t\u00e9nyt, hogy f\u00e1rad\u00e9kony vagyok (b\u00e1r ez nagyon egy\u00e9ni) t\u00e9nyleg nagyon\nj\u00f3l \u00e9rzem magam, reggel, nap k\u00f6zben, este, \u00e9jszaka. Kiad\u00f3sakat alszom,\nnyugodt vagyok, tiszt\u00e1k a gondolataim, a d\u00f6nt\u00e9seim... t\u00e9nyleg rem\u00e9lem,\nhogy mindezt nem csak bek\u00e9pzelem magamnak.<br><br>J\u00f3 lenne egy kis\nvisszajelz\u00e9s valakit\u0151l, hogy vajon ugyan\u00edgy, vagy legal\u00e1bb\nhasonl\u00f3k\u00e9ppen \u00e9lte-e meg a k\u00far\u00e1t. Holnap \u00e9rek a f\u00e9l\u00fathoz, teh\u00e1t m\u00e9g sok\n\u00e1ll el\u0151ttem. Azt mondj\u00e1k, k\u00f6nny\u0171 ilyenkor m\u00e1r.<br>Egy fr\u00e1szt k\u00f6nny\u0171. K\u00f6nny\u0171 ilyenkor feladni, de nem folytatni. Viszont ha van harci szellem az emberben, akkor nem adja fel.<br><br>A z\u00f6lds\u00e9ggel nincs gondom. Sokszor ki is hagyom :c)<\/div>","type":"rich"}

Rizsnapló

<a onblur="try {parent.deselectBloggerImageGracefully();} catch(e) {}" href="http://2.bp.blogspot.com/_ud2ECdF2NMw/SfwlrUK2iBI/AAAAAAAAC3M/lsC4Q3c_9IQ/s1600-h/DSCF6160.jpg"><img style="margin: 0pt 10px 10px 0pt; float: left; cursor: pointer; width: 200px; height: 150px;" src="http://2.bp.blogspot.com/_ud2ECdF2NMw/SfwlrUK2iBI/AAAAAAAAC3M/lsC4Q3c_9IQ/s200/DSCF6160.jpg" alt="" id="BLOGGER_PHOTO_ID_5331177484978653202" border="0"></a>Remélem,
hogy nem csak beképzelem magamnak, hanem valóban igaz, hogy
tisztulok... az ízlő sejtjeim, a gondolataim, az egész szervezetem.<br><div style="text-align: justify;"><br>Leszámítva
a tényt, hogy fáradékony vagyok (bár ez nagyon egyéni) tényleg nagyon
jól érzem magam, reggel, nap közben, este, éjszaka. Kiadósakat alszom,
nyugodt vagyok, tiszták a gondolataim, a döntéseim... tényleg remélem,
hogy mindezt nem csak beképzelem magamnak.<br><br>Jó lenne egy kis
visszajelzés valakitől, hogy vajon ugyanígy, vagy legalább
hasonlóképpen élte-e meg a kúrát. Holnap érek a félúthoz, tehát még sok
áll előttem. Azt mondják, könnyű ilyenkor már.<br>Egy frászt könnyű. Könnyű ilyenkor feladni, de nem folytatni. Viszont ha van harci szellem az emberben, akkor nem adja fel.<br><br>A zöldséggel nincs gondom. Sokszor ki is hagyom :c)</div>
